{"id":754,"date":"2015-09-01T20:26:37","date_gmt":"2015-09-01T19:26:37","guid":{"rendered":"http:\/\/www.tycofis.cz\/distribuce\/?page_id=754"},"modified":"2018-04-10T07:00:41","modified_gmt":"2018-04-10T06:00:41","slug":"skoleni-neuruppin","status":"publish","type":"page","link":"http:\/\/www.tycofis.cz\/distribuce\/skoleni-a-sluzby\/skoleni-neuruppin\/","title":{"rendered":"\u0160kolen\u00ed NEURUPPIN"},"content":{"rendered":"<h2>\u0160kolen\u00ed ru\u010dn\u00edch a poj\u00edzdn\u00fdch hasic\u00edch p\u0159\u00edstroj\u016f organizovan\u00e1 spole\u010dnost\u00ed Tyco Fire Protection Products<\/h2>\n<p>Spole\u010dnost Tyco Fire Protection Products organizuje pro sv\u00e9 partnery pravideln\u00e1 obchodn\u011b technick\u00e1 \u0161kolen\u00ed na produkty, kter\u00e9 dod\u00e1v\u00e1 na trh v \u010cesk\u00e9 a Slovensk\u00e9 republice. Pomoc\u00ed formul\u00e1\u0159e n\u00ed\u017ee na t\u00e9to str\u00e1nce se m\u016f\u017eete p\u0159ihl\u00e1sit na n\u00e1sleduj\u00edc\u00ed typy \u0161kolen\u00ed:<\/p>\n<h3>Hasic\u00ed p\u0159\u00edstroje &#8211; certifika\u010dn\u00ed \u0161kolen\u00ed pro Slovensko<\/h3>\n<p>Od \u0159\u00edjna 2015 budeme \u0161kolit \u00a0podle nov\u00e9 legislativy SR platn\u00e9 \u00a0od 1.9.2015 na kontroly ru\u010dn\u00edch has\u00edc\u00edch p\u0159\u00edstroj\u016f, v\u0161ech vyroben\u00fdch dle EN 3: 1-6, nebo 7 a n\u00e1sl.:<\/p>\n<ul>\n<li>has\u00edc\u00ed p\u0159\u00edstroje pr\u00e1\u0161kov\u00e9 pod st\u00e1l\u00fdm tlakem<\/li>\n<li>has\u00edc\u00ed p\u0159\u00edstroje pr\u00e1\u0161kov\u00e9 s\u00a0tlakovou patronou<\/li>\n<li>has\u00edc\u00ed p\u0159\u00edstroje s\u00a0kapaln\u00fdm hasivem pod st\u00e1l\u00fdm tlakem<\/li>\n<li>has\u00edc\u00ed p\u0159\u00edstroje s\u00a0kapaln\u00fdm hasivem s\u00a0tlakovou patronou<\/li>\n<li>has\u00edc\u00ed p\u0159\u00edstroje CO2<\/li>\n<\/ul>\n<p>D\u00e1le bude \u0161kolen\u00ed na poj\u00edzdn\u00e9 has\u00edc\u00ed p\u0159\u00edstroje vyroben\u00e9 dle EN1866 a prod\u00e1van\u00e9 v\u00a0SR pod zna\u010dkami neuruppin, TOTAL, ibs:<\/p>\n<ul>\n<li>pr\u00e1\u0161kov\u00e9 pod st\u00e1l\u00fdm tlakem i s\u00a0tlakovou patronou<\/li>\n<li>s tekut\u00fdm hasivem pod st\u00e1l\u00fdm tlakem i s\u00a0tlakovou patronou<\/li>\n<\/ul>\n<p>P\u0159ihl\u00e1sit se na \u0161kolen\u00ed je mo\u017en\u00e9 na t\u00e9to str\u00e1nce po vypln\u011bn\u00ed n\u00e1sleduj\u00edc\u00edho formul\u00e1\u0159e. \u0160kolen\u00ed prob\u011bhne na \u00fazem\u00ed Slovensk\u00e9 republiky<\/p>\n<hr \/>\n<h3>Formul\u00e1\u0159 p\u0159ihl\u00e1\u0161ky na \u0161kolen\u00ed<\/h3>\n<p>Podrobn\u00e9 informace k obsahu \u0161kolen\u00ed, jeho rozsahu a cen\u011b V\u00e1m pod\u00e1<br \/>\nMichaela Mizerov\u00e1 (tel.: +420\u00a0724\u00a0164 788 \/ e-mail: <a href=\"mailto:michaela.mizerova@jci.com\">michaela.mizerova@jci.com<\/a>).<\/p>\n<div role=\"form\" class=\"wpcf7\" id=\"wpcf7-f764-o1\" lang=\"cs-CZ\" dir=\"ltr\">\n<div class=\"screen-reader-response\"><p role=\"status\" aria-live=\"polite\" aria-atomic=\"true\"><\/p> <ul><\/ul><\/div>\n<form action=\"\/distribuce\/wp-json\/wp\/v2\/pages\/754#wpcf7-f764-o1\" method=\"post\" class=\"wpcf7-form init\" novalidate=\"novalidate\" data-status=\"init\">\n<div style=\"display: none;\">\n<input type=\"hidden\" name=\"_wpcf7\" value=\"764\" \/>\n<input type=\"hidden\" name=\"_wpcf7_version\" value=\"5.6.3\" \/>\n<input type=\"hidden\" name=\"_wpcf7_locale\" value=\"cs_CZ\" \/>\n<input type=\"hidden\" name=\"_wpcf7_unit_tag\" value=\"wpcf7-f764-o1\" \/>\n<input type=\"hidden\" name=\"_wpcf7_container_post\" value=\"0\" \/>\n<input type=\"hidden\" name=\"_wpcf7_posted_data_hash\" value=\"\" \/>\n<\/div>\n<p><!-- \"16.03.2016 od 8:30 - pension \u017d\u00e1kovic, Tren\u010dianske Bohuslavice (www.zakovic.sk)\" \"\u0160kolen\u00ed pro \u010cesko: 23.8.2016 - Bubensk\u00e1 47, Praha 7\" \"CZ: 24.4.2017 - are\u00e1l fy. SEPOZA, Plze\u0148-K\u0159imice\" \"SK: 12.4.2017 od 8:30 - pension \u017d\u00e1kovic, Tren\u010dianske Bohuslavice (www.zakovic.sk)\" \"V tuto chv\u00edli nen\u00ed vyps\u00e1n \u017e\u00e1dn\u00fd term\u00edn \u0161kolen\u00ed\"--><\/p>\n<p>Datum a m\u00edsto \u0161kolen\u00ed (<font color=\"red\">*<\/font>)<br \/>\n    <span class=\"wpcf7-form-control-wrap\" data-name=\"skoleni\"><select name=\"skoleni\" class=\"wpcf7-form-control wpcf7-select wpcf7-validates-as-required\" aria-required=\"true\" aria-invalid=\"false\"><option value=\"\">---<\/option><option value=\"\u0160kolen\u00ed pro \u010cesko 2018\">\u0160kolen\u00ed pro \u010cesko 2018<\/option><\/select><\/span> <\/p>\n<table >\n<tr>\n<td>Typ \u0161kolen\u00ed (<font color=\"red\">*<\/font>)<\/td>\n<td>Pr\u016fkaz (<font color=\"red\">*<\/font> v p\u0159\u00edpad\u011b dopl\u0148ovac\u00edho \u0161kolen\u00ed)<\/td>\n<\/tr>\n<tr>\n<td><span class=\"wpcf7-form-control-wrap\" data-name=\"typskoleni\"><select name=\"typskoleni\" class=\"wpcf7-form-control wpcf7-select wpcf7-validates-as-required\" aria-required=\"true\" aria-invalid=\"false\"><option value=\"Z\u00e1kladn\u00ed\">Z\u00e1kladn\u00ed<\/option><option value=\"Dopl\u0148ovac\u00ed\">Dopl\u0148ovac\u00ed<\/option><\/select><\/span><\/td>\n<td><span class=\"wpcf7-form-control-wrap\" data-name=\"prukaz\"><input type=\"text\" name=\"prukaz\" value=\"\" size=\"40\" class=\"wpcf7-form-control wpcf7-text wpcf7-validates-as-required\" aria-required=\"true\" aria-invalid=\"false\" placeholder=\"\u010c\u00edslo pr\u016fkazu\" \/><\/span><\/td>\n<\/tr>\n<tr><\/tr>\n<tr><\/tr>\n<tr>\n<td>Jm\u00e9no (<font color=\"red\">*<\/font>)<\/td>\n<td>P\u0159\u00edjmen\u00ed (<font color=\"red\">*<\/font>)<\/td>\n<td>Titul<\/td>\n<\/tr>\n<tr>\n<td><span class=\"wpcf7-form-control-wrap\" data-name=\"your-fname\"><input type=\"text\" name=\"your-fname\" value=\"\" size=\"40\" class=\"wpcf7-form-control wpcf7-text wpcf7-validates-as-required\" aria-required=\"true\" aria-invalid=\"false\" placeholder=\"Jm\u00e9no\" \/><\/span><\/td>\n<td><span class=\"wpcf7-form-control-wrap\" data-name=\"your-lname\"><input type=\"text\" name=\"your-lname\" value=\"\" size=\"40\" class=\"wpcf7-form-control wpcf7-text wpcf7-validates-as-required\" aria-required=\"true\" aria-invalid=\"false\" placeholder=\"P\u0159\u00edjmen\u00ed\" \/><\/span><\/td>\n<td><span class=\"wpcf7-form-control-wrap\" data-name=\"your-title\"><input type=\"text\" name=\"your-title\" value=\"\" size=\"40\" class=\"wpcf7-form-control wpcf7-text\" aria-invalid=\"false\" placeholder=\"Titul\" \/><\/span><\/td>\n<\/tr>\n<tr><\/tr>\n<tr><\/tr>\n<tr>\n<td>Datum narozen\u00ed (<font color=\"red\">*<\/font>)<\/td>\n<\/tr>\n<tr>\n<td><span class=\"wpcf7-form-control-wrap\" data-name=\"date-brd\"><input type=\"text\" name=\"date-brd\" value=\"\" size=\"40\" class=\"wpcf7-form-control wpcf7-text wpcf7-validates-as-required\" aria-required=\"true\" aria-invalid=\"false\" placeholder=\"01.01.2999\" \/><\/span><\/td>\n<\/tr>\n<tr><\/tr>\n<tr><\/tr>\n<tr>\n<td>Adresa bydli\u0161t\u011b(<font color=\"red\">*<\/font>)<\/td>\n<\/tr>\n<tr>\n<td><span class=\"wpcf7-form-control-wrap\" data-name=\"your-street\"><input type=\"text\" name=\"your-street\" value=\"\" size=\"40\" class=\"wpcf7-form-control wpcf7-text wpcf7-validates-as-required\" aria-required=\"true\" aria-invalid=\"false\" placeholder=\"Ulice\" \/><\/span><\/td>\n<td><span class=\"wpcf7-form-control-wrap\" data-name=\"your-city\"><input type=\"text\" name=\"your-city\" value=\"\" size=\"40\" class=\"wpcf7-form-control wpcf7-text wpcf7-validates-as-required\" aria-required=\"true\" aria-invalid=\"false\" placeholder=\"M\u011bsto\" \/><\/span><\/td>\n<td><span class=\"wpcf7-form-control-wrap\" data-name=\"your-zip\"><input type=\"text\" name=\"your-zip\" value=\"\" size=\"40\" class=\"wpcf7-form-control wpcf7-text wpcf7-validates-as-required\" aria-required=\"true\" aria-invalid=\"false\" placeholder=\"PS\u010c\" \/><\/span><\/td>\n<tr\/>\n<tr><\/tr>\n<tr><\/tr>\n<tr>\n<td>E-mail (<font color=\"red\">*<\/font>)<\/td>\n<td>Telefon(<font color=\"red\">*<\/font>)<\/td>\n<\/tr>\n<tr>\n<td><span class=\"wpcf7-form-control-wrap\" data-name=\"your-email\"><input type=\"email\" name=\"your-email\" value=\"\" size=\"40\" class=\"wpcf7-form-control wpcf7-text wpcf7-email wpcf7-validates-as-required wpcf7-validates-as-email\" aria-required=\"true\" aria-invalid=\"false\" placeholder=\"E-mail\" \/><\/span><\/td>\n<td><span class=\"wpcf7-form-control-wrap\" data-name=\"your-phone\"><input type=\"tel\" name=\"your-phone\" value=\"\" size=\"40\" class=\"wpcf7-form-control wpcf7-text wpcf7-tel wpcf7-validates-as-required wpcf7-validates-as-tel\" aria-required=\"true\" aria-invalid=\"false\" placeholder=\"+420123456789\" \/><\/span><\/td>\n<\/tr>\n<tr><\/tr>\n<tr><\/tr>\n<tr>\n<td>Spole\u010dnost(<font color=\"red\">*<\/font>)<\/td>\n<\/tr>\n<tr>\n<td><span class=\"wpcf7-form-control-wrap\" data-name=\"your-company\"><input type=\"text\" name=\"your-company\" value=\"\" size=\"40\" class=\"wpcf7-form-control wpcf7-text wpcf7-validates-as-required\" aria-required=\"true\" aria-invalid=\"false\" placeholder=\"Spole\u010dnost\" \/><\/span><\/td>\n<tr\/>\n<tr><\/tr>\n<tr><\/tr>\n<tr>\n<td>Adresa spole\u010dnosti(<font color=\"red\">*<\/font>)<\/td>\n<\/tr>\n<tr>\n<td><span class=\"wpcf7-form-control-wrap\" data-name=\"your-fstreet\"><input type=\"text\" name=\"your-fstreet\" value=\"\" size=\"40\" class=\"wpcf7-form-control wpcf7-text wpcf7-validates-as-required\" aria-required=\"true\" aria-invalid=\"false\" placeholder=\"Ulice\" \/><\/span><\/td>\n<td><span class=\"wpcf7-form-control-wrap\" data-name=\"your-fcity\"><input type=\"text\" name=\"your-fcity\" value=\"\" size=\"40\" class=\"wpcf7-form-control wpcf7-text wpcf7-validates-as-required\" aria-required=\"true\" aria-invalid=\"false\" placeholder=\"M\u011bsto\" \/><\/span><\/td>\n<td><span class=\"wpcf7-form-control-wrap\" data-name=\"your-fzip\"><input type=\"text\" name=\"your-fzip\" value=\"\" size=\"40\" class=\"wpcf7-form-control wpcf7-text wpcf7-validates-as-required\" aria-required=\"true\" aria-invalid=\"false\" placeholder=\"PS\u010c\" \/><\/span><\/td>\n<tr\/>\n<tr><\/tr>\n<tr><\/tr>\n<tr>\n<td>I\u010c (<font color=\"red\">*<\/font>)<\/td>\n<td>DI\u010c<\/td>\n<td>Pl\u00e1tce DPH(<font color=\"red\">*<\/font>)<\/td>\n<\/tr>\n<tr>\n<td><span class=\"wpcf7-form-control-wrap\" data-name=\"your-ic\"><input type=\"text\" name=\"your-ic\" value=\"\" size=\"40\" class=\"wpcf7-form-control wpcf7-text wpcf7-validates-as-required\" aria-required=\"true\" aria-invalid=\"false\" placeholder=\"123456789\" \/><\/span><\/td>\n<td><span class=\"wpcf7-form-control-wrap\" data-name=\"your-dic\"><input type=\"text\" name=\"your-dic\" value=\"\" size=\"40\" class=\"wpcf7-form-control wpcf7-text\" aria-invalid=\"false\" placeholder=\"CZ123456789\" \/><\/span><\/td>\n<td><span class=\"wpcf7-form-control-wrap\" data-name=\"your-dph\"><select name=\"your-dph\" class=\"wpcf7-form-control wpcf7-select wpcf7-validates-as-required\" aria-required=\"true\" aria-invalid=\"false\"><option value=\"\">---<\/option><option value=\"Pl\u00e1tce DPH\">Pl\u00e1tce DPH<\/option><option value=\"Nepl\u00e1tce DPH\">Nepl\u00e1tce DPH<\/option><\/select><\/span><\/td>\n<\/tr>\n<tr><\/tr>\n<tr><\/tr>\n<tr>\n<td><\/td>\n<td>DI\u010c DPH (jen pro Slovensko)<\/td>\n<td><\/td>\n<\/tr>\n<tr>\n<td><\/td>\n<td><span class=\"wpcf7-form-control-wrap\" data-name=\"your-dicdph\"><input type=\"text\" name=\"your-dicdph\" value=\"\" size=\"40\" class=\"wpcf7-form-control wpcf7-text\" aria-invalid=\"false\" placeholder=\"SK123456789\" \/><\/span><\/td>\n<td><\/td>\n<\/tr>\n<\/table>\n<p>Va\u0161e zpr\u00e1va (voliteln\u011b)<br \/>\n    <span class=\"wpcf7-form-control-wrap\" data-name=\"your-message\"><textarea name=\"your-message\" cols=\"40\" rows=\"10\" class=\"wpcf7-form-control wpcf7-textarea\" aria-invalid=\"false\"><\/textarea><\/span> <\/p>\n<p><span class=\"wpcf7-form-control-wrap\" data-name=\"souhlas\"><span class=\"wpcf7-form-control wpcf7-checkbox wpcf7-exclusive-checkbox\"><span class=\"wpcf7-list-item first last\"><input type=\"checkbox\" name=\"souhlas\" value=\"Souhlas\u00edm s ob\u010dasn\u00fdm zas\u00edl\u00e1n\u00edm obchodn\u00edch sd\u011blen\u00ed spole\u010dnosti Tyco Fire Protection Products.\" \/><span class=\"wpcf7-list-item-label\">Souhlas\u00edm s ob\u010dasn\u00fdm zas\u00edl\u00e1n\u00edm obchodn\u00edch sd\u011blen\u00ed spole\u010dnosti Tyco Fire Protection Products.<\/span><\/span><\/span><\/span><\/p>\n<p>(<font color=\"red\">*<\/font>) Tato pole jsou povinn\u00e1.<\/p>\n<p><input type=\"submit\" value=\"Odeslat\" class=\"wpcf7-form-control has-spinner wpcf7-submit\" \/><\/p>\n<div class=\"wpcf7-response-output\" aria-hidden=\"true\"><\/div><\/form><\/div>\n","protected":false},"excerpt":{"rendered":"<p>\u0160kolen\u00ed ru\u010dn\u00edch a poj\u00edzdn\u00fdch hasic\u00edch p\u0159\u00edstroj\u016f organizovan\u00e1 spole\u010dnost\u00ed Tyco Fire Protection Products Spole\u010dnost Tyco Fire Protection Products organizuje pro sv\u00e9 partnery pravideln\u00e1 obchodn\u011b technick\u00e1 \u0161kolen\u00ed na produkty, kter\u00e9 dod\u00e1v\u00e1 na trh v \u010cesk\u00e9 a Slovensk\u00e9 republice. Pomoc\u00ed formul\u00e1\u0159e n\u00ed\u017ee na t\u00e9to str\u00e1nce se m\u016f\u017eete p\u0159ihl\u00e1sit na n\u00e1sleduj\u00edc\u00ed typy \u0161kolen\u00ed: Hasic\u00ed p\u0159\u00edstroje &#8211; certifika\u010dn\u00ed \u0161kolen\u00ed pro [&hellip;]<\/p>\n","protected":false},"author":5,"featured_media":0,"parent":549,"menu_order":5,"comment_status":"closed","ping_status":"closed","template":"","meta":[],"_links":{"self":[{"href":"http:\/\/www.tycofis.cz\/distribuce\/wp-json\/wp\/v2\/pages\/754"}],"collection":[{"href":"http:\/\/www.tycofis.cz\/distribuce\/wp-json\/wp\/v2\/pages"}],"about":[{"href":"http:\/\/www.tycofis.cz\/distribuce\/wp-json\/wp\/v2\/types\/page"}],"author":[{"embeddable":true,"href":"http:\/\/www.tycofis.cz\/distribuce\/wp-json\/wp\/v2\/users\/5"}],"replies":[{"embeddable":true,"href":"http:\/\/www.tycofis.cz\/distribuce\/wp-json\/wp\/v2\/comments?post=754"}],"version-history":[{"count":15,"href":"http:\/\/www.tycofis.cz\/distribuce\/wp-json\/wp\/v2\/pages\/754\/revisions"}],"predecessor-version":[{"id":1705,"href":"http:\/\/www.tycofis.cz\/distribuce\/wp-json\/wp\/v2\/pages\/754\/revisions\/1705"}],"up":[{"embeddable":true,"href":"http:\/\/www.tycofis.cz\/distribuce\/wp-json\/wp\/v2\/pages\/549"}],"wp:attachment":[{"href":"http:\/\/www.tycofis.cz\/distribuce\/wp-json\/wp\/v2\/media?parent=754"}],"curies":[{"name":"wp","href":"https:\/\/api.w.org\/{rel}","templated":true}]}}