{"id":640,"date":"2015-08-22T22:50:51","date_gmt":"2015-08-22T21:50:51","guid":{"rendered":"http:\/\/www.tycofis.cz\/distribuce\/?page_id=640"},"modified":"2016-03-16T16:20:44","modified_gmt":"2016-03-16T15:20:44","slug":"adresovatelne-ustredny","status":"publish","type":"page","link":"http:\/\/www.tycofis.cz\/distribuce\/produkty\/adresovatelne-systemy\/adresovatelne-ustredny\/","title":{"rendered":"Adresovateln\u00e9 \u00fast\u0159edny"},"content":{"rendered":"<h2>Adresovateln\u00e9 \u00fast\u0159edny ZETTLER<\/h2>\n<p>\u0158ada \u00fast\u0159eden ZETTLER zahrnuje \u00faplnou \u0159adu samostatn\u00fdch i s\u00ed\u0165ovateln\u00fdch adresovateln\u00fdch \u00fast\u0159eden pro syst\u00e9my elektrick\u00e9 po\u017e\u00e1rn\u00ed signalizace ur\u010den\u00e9 pro mal\u00e9 objekty i rozs\u00e1hl\u00e9 are\u00e1ly. Tyto \u00fast\u0159edny byly navr\u017eeny tak, aby byly odoln\u00e9, kompaktn\u00ed, snadno instalovateln\u00e9 a konfigurovateln\u00e9. Jsou tak\u00e9 zp\u011btn\u011b kompatibiln\u00ed i kompatibiln\u00ed do budoucnosti a jejich ovl\u00e1d\u00e1n\u00ed je intuitivn\u00ed.<\/p>\n","protected":false},"excerpt":{"rendered":"<p>Adresovateln\u00e9 \u00fast\u0159edny ZETTLER \u0158ada \u00fast\u0159eden ZETTLER zahrnuje \u00faplnou \u0159adu samostatn\u00fdch i s\u00ed\u0165ovateln\u00fdch adresovateln\u00fdch \u00fast\u0159eden pro syst\u00e9my elektrick\u00e9 po\u017e\u00e1rn\u00ed signalizace ur\u010den\u00e9 pro mal\u00e9 objekty i rozs\u00e1hl\u00e9 are\u00e1ly. Tyto \u00fast\u0159edny byly navr\u017eeny tak, aby byly odoln\u00e9, kompaktn\u00ed, snadno instalovateln\u00e9 a konfigurovateln\u00e9. Jsou tak\u00e9 zp\u011btn\u011b kompatibiln\u00ed i kompatibiln\u00ed do budoucnosti a jejich ovl\u00e1d\u00e1n\u00ed je intuitivn\u00ed.<\/p>\n","protected":false},"author":5,"featured_media":642,"parent":534,"menu_order":1,"comment_status":"closed","ping_status":"closed","template":"page-rozcestnik_product_range.php","meta":[],"_links":{"self":[{"href":"http:\/\/www.tycofis.cz\/distribuce\/wp-json\/wp\/v2\/pages\/640"}],"collection":[{"href":"http:\/\/www.tycofis.cz\/distribuce\/wp-json\/wp\/v2\/pages"}],"about":[{"href":"http:\/\/www.tycofis.cz\/distribuce\/wp-json\/wp\/v2\/types\/page"}],"author":[{"embeddable":true,"href":"http:\/\/www.tycofis.cz\/distribuce\/wp-json\/wp\/v2\/users\/5"}],"replies":[{"embeddable":true,"href":"http:\/\/www.tycofis.cz\/distribuce\/wp-json\/wp\/v2\/comments?post=640"}],"version-history":[{"count":7,"href":"http:\/\/www.tycofis.cz\/distribuce\/wp-json\/wp\/v2\/pages\/640\/revisions"}],"predecessor-version":[{"id":1749,"href":"http:\/\/www.tycofis.cz\/distribuce\/wp-json\/wp\/v2\/pages\/640\/revisions\/1749"}],"up":[{"embeddable":true,"href":"http:\/\/www.tycofis.cz\/distribuce\/wp-json\/wp\/v2\/pages\/534"}],"wp:featuredmedia":[{"embeddable":true,"href":"http:\/\/www.tycofis.cz\/distribuce\/wp-json\/wp\/v2\/media\/642"}],"wp:attachment":[{"href":"http:\/\/www.tycofis.cz\/distribuce\/wp-json\/wp\/v2\/media?parent=640"}],"curies":[{"name":"wp","href":"https:\/\/api.w.org\/{rel}","templated":true}]}}