{"id":612,"date":"2015-08-22T20:30:54","date_gmt":"2015-08-22T19:30:54","guid":{"rendered":"http:\/\/www.tycofis.cz\/distribuce\/?page_id=612"},"modified":"2018-01-09T08:00:44","modified_gmt":"2018-01-09T07:00:44","slug":"kontaktujte-nas","status":"publish","type":"page","link":"http:\/\/www.tycofis.cz\/distribuce\/o-nas\/kontaktujte-nas\/","title":{"rendered":"Kontaktujte n\u00e1s"},"content":{"rendered":"<table>\n<tbody>\n<tr>\n<td style=\"width: 400px;text-align: left;vertical-align: top\">\n<h3>S\u00eddlo firmy<\/h3>\n<h3 style=\"padding-left: 30px\"><span style=\"color: #0057a6\">Tyco Fire &amp; Security Czech Republic s.r.o.<\/span><\/h3>\n<p style=\"padding-left: 30px\">L\u00edbalova 2348\/1<br \/>\n149 00 Praha 4 Chodov<\/p>\n<p style=\"padding-left: 30px\">I\u010c: 61055077<br \/>\nDI\u010c: CZ61055077<br \/>\nM\u011bstsk\u00fd soud v Praze, odd\u00edl C, vlo\u017eka 43775<\/p>\n<h3>Divize Distribuce Liberec<\/h3>\n<h3 style=\"padding-left: 30px\"><span style=\"color: #0057a6\">Tyco Fire Protection Products<\/span><\/h3>\n<p style=\"padding-left: 30px\">Rumunsk\u00e1 655\/9<br \/>\n460 01 Liberec<\/p>\n<p style=\"padding-left: 30px\">tel.: +420 482 736 291<br \/>\nfax: +420 482 736 293<br \/>\ne-mail: <a href=\"mailto:sales.liberec@tycoint.com\">sales.liberec@tycoint.com<\/a><\/p>\n<\/td>\n<td style=\"width: 120px;text-align: left;vertical-align: top\"><\/td>\n<td style=\"text-align: left;vertical-align: top\">\n<h3>Kontaktn\u00ed formul\u00e1\u0159<\/h3>\n<p><div role=\"form\" class=\"wpcf7\" id=\"wpcf7-f611-o1\" lang=\"cs-CZ\" dir=\"ltr\">\n<div class=\"screen-reader-response\"><p role=\"status\" aria-live=\"polite\" aria-atomic=\"true\"><\/p> <ul><\/ul><\/div>\n<form action=\"\/distribuce\/wp-json\/wp\/v2\/pages\/612#wpcf7-f611-o1\" method=\"post\" class=\"wpcf7-form init\" novalidate=\"novalidate\" data-status=\"init\">\n<div style=\"display: none;\">\n<input type=\"hidden\" name=\"_wpcf7\" value=\"611\" \/>\n<input type=\"hidden\" name=\"_wpcf7_version\" value=\"5.6.3\" \/>\n<input type=\"hidden\" name=\"_wpcf7_locale\" value=\"cs_CZ\" \/>\n<input type=\"hidden\" name=\"_wpcf7_unit_tag\" value=\"wpcf7-f611-o1\" \/>\n<input type=\"hidden\" name=\"_wpcf7_container_post\" value=\"0\" \/>\n<input type=\"hidden\" name=\"_wpcf7_posted_data_hash\" value=\"\" \/>\n<\/div>\n<p>Jm\u00e9no (<font color=\"red\">*<\/font>)<br \/>\n    <span class=\"wpcf7-form-control-wrap\" data-name=\"your-name\"><input type=\"text\" name=\"your-name\" value=\"\" size=\"40\" class=\"wpcf7-form-control wpcf7-text wpcf7-validates-as-required\" aria-required=\"true\" aria-invalid=\"false\" \/><\/span> <\/p>\n<p>E-mail (<font color=\"red\">*<\/font>)<br \/>\n    <span class=\"wpcf7-form-control-wrap\" data-name=\"your-email\"><input type=\"email\" name=\"your-email\" value=\"\" size=\"40\" class=\"wpcf7-form-control wpcf7-text wpcf7-email wpcf7-validates-as-required wpcf7-validates-as-email\" aria-required=\"true\" aria-invalid=\"false\" \/><\/span> <\/p>\n<p>Telefon (<font color=\"red\">*<\/font>)<br \/>\n    <span class=\"wpcf7-form-control-wrap\" data-name=\"your-phone\"><input type=\"tel\" name=\"your-phone\" value=\"\" size=\"40\" class=\"wpcf7-form-control wpcf7-text wpcf7-tel wpcf7-validates-as-required wpcf7-validates-as-tel\" aria-required=\"true\" aria-invalid=\"false\" \/><\/span> <\/p>\n<p>Spole\u010dnost (<font color=\"red\">*<\/font>)<br \/>\n    <span class=\"wpcf7-form-control-wrap\" data-name=\"your-firm\"><input type=\"text\" name=\"your-firm\" value=\"\" size=\"40\" class=\"wpcf7-form-control wpcf7-text wpcf7-validates-as-required\" aria-required=\"true\" aria-invalid=\"false\" \/><\/span><\/p>\n<p>D\u016fvod (<font color=\"red\">*<\/font>)<br \/>\n    <span class=\"wpcf7-form-control-wrap\" data-name=\"duvod\"><select name=\"duvod\" class=\"wpcf7-form-control wpcf7-select wpcf7-validates-as-required\" aria-required=\"true\" aria-invalid=\"false\"><option value=\"\">---<\/option><option value=\"Popt\u00e1vka\">Popt\u00e1vka<\/option><option value=\"Technick\u00e1 pomoc\">Technick\u00e1 pomoc<\/option><option value=\"Reklamace\">Reklamace<\/option><option value=\"Finan\u010dn\u00ed z\u00e1le\u017eitosti\">Finan\u010dn\u00ed z\u00e1le\u017eitosti<\/option><option value=\"Jin\u00e9 ...\">Jin\u00e9 ...<\/option><\/select><\/span> <\/p>\n<p>Va\u0161e zpr\u00e1va (voliteln\u011b)<br \/>\n    <span class=\"wpcf7-form-control-wrap\" data-name=\"your-message\"><textarea name=\"your-message\" cols=\"40\" rows=\"10\" class=\"wpcf7-form-control wpcf7-textarea\" aria-invalid=\"false\"><\/textarea><\/span> <\/p>\n<p><span class=\"wpcf7-form-control-wrap\" data-name=\"souhlas\"><span class=\"wpcf7-form-control wpcf7-checkbox wpcf7-exclusive-checkbox\"><span class=\"wpcf7-list-item first last\"><input type=\"checkbox\" name=\"souhlas\" value=\"Souhlas\u00edm s ob\u010dasn\u00fdm zas\u00edl\u00e1n\u00edm obchodn\u00edch sd\u011blen\u00ed spole\u010dnosti\" \/><span class=\"wpcf7-list-item-label\">Souhlas\u00edm s ob\u010dasn\u00fdm zas\u00edl\u00e1n\u00edm obchodn\u00edch sd\u011blen\u00ed spole\u010dnosti<\/span><\/span><\/span><\/span><br \/>\n<span style=\"color: #ffffff;\">____<\/span>Tyco Fire Protection Products.<\/p>\n<p>(<font color=\"red\">*<\/font>) Tato pole jsou povinn\u00e1.<\/p>\n<p><input type=\"submit\" value=\"Odeslat\" class=\"wpcf7-form-control has-spinner wpcf7-submit\" \/><\/p>\n<div class=\"wpcf7-response-output\" aria-hidden=\"true\"><\/div><\/form><\/div><\/td>\n<\/tr>\n<\/tbody>\n<\/table>\n","protected":false},"excerpt":{"rendered":"<p>S\u00eddlo firmy Tyco Fire &amp; Security Czech Republic s.r.o. L\u00edbalova 2348\/1 149 00 Praha 4 Chodov I\u010c: 61055077 DI\u010c: CZ61055077 M\u011bstsk\u00fd soud v Praze, odd\u00edl C, vlo\u017eka 43775 Divize Distribuce Liberec Tyco Fire Protection Products Rumunsk\u00e1 655\/9 460 01 Liberec tel.: +420 482 736 291 fax: +420 482 736 293 e-mail: sales.liberec@tycoint.com Kontaktn\u00ed formul\u00e1\u0159<\/p>\n","protected":false},"author":5,"featured_media":0,"parent":545,"menu_order":5,"comment_status":"closed","ping_status":"closed","template":"page-full_width.php","meta":[],"_links":{"self":[{"href":"http:\/\/www.tycofis.cz\/distribuce\/wp-json\/wp\/v2\/pages\/612"}],"collection":[{"href":"http:\/\/www.tycofis.cz\/distribuce\/wp-json\/wp\/v2\/pages"}],"about":[{"href":"http:\/\/www.tycofis.cz\/distribuce\/wp-json\/wp\/v2\/types\/page"}],"author":[{"embeddable":true,"href":"http:\/\/www.tycofis.cz\/distribuce\/wp-json\/wp\/v2\/users\/5"}],"replies":[{"embeddable":true,"href":"http:\/\/www.tycofis.cz\/distribuce\/wp-json\/wp\/v2\/comments?post=612"}],"version-history":[{"count":19,"href":"http:\/\/www.tycofis.cz\/distribuce\/wp-json\/wp\/v2\/pages\/612\/revisions"}],"predecessor-version":[{"id":1685,"href":"http:\/\/www.tycofis.cz\/distribuce\/wp-json\/wp\/v2\/pages\/612\/revisions\/1685"}],"up":[{"embeddable":true,"href":"http:\/\/www.tycofis.cz\/distribuce\/wp-json\/wp\/v2\/pages\/545"}],"wp:attachment":[{"href":"http:\/\/www.tycofis.cz\/distribuce\/wp-json\/wp\/v2\/media?parent=612"}],"curies":[{"name":"wp","href":"https:\/\/api.w.org\/{rel}","templated":true}]}}