{"id":584,"date":"2015-08-19T22:08:02","date_gmt":"2015-08-19T21:08:02","guid":{"rendered":"http:\/\/www.tycofis.cz\/distribuce\/?page_id=584"},"modified":"2016-03-02T22:03:55","modified_gmt":"2016-03-02T21:03:55","slug":"specialni-hlasice","status":"publish","type":"page","link":"http:\/\/www.tycofis.cz\/distribuce\/produkty\/specialni-hlasice\/","title":{"rendered":"Speci\u00e1ln\u00ed hl\u00e1si\u010de"},"content":{"rendered":"<h2>Speci\u00e1ln\u00ed a hl\u00e1si\u010de do prost\u0159ed\u00ed s nebezpe\u010d\u00edm v\u00fdbuchu (Ex)<\/h2>\n<p>Speci\u00e1ln\u00ed hl\u00e1si\u010de zahrnuj\u00ed nap\u0159. nas\u00e1vac\u00ed hl\u00e1si\u010de VESDA, line\u00e1rn\u00ed hl\u00e1si\u010de, line\u00e1rn\u00ed teplotn\u00ed hl\u00e1si\u010de s metalick\u00fdmi nebo optick\u00fdmi kabely a dal\u0161\u00ed hl\u00e1si\u010de. Do prost\u0159ed\u00ed s nebezpe\u010d\u00edm v\u00fdbuchu jsou ur\u010deny speci\u00e1ln\u00ed hl\u00e1si\u010de s certifikac\u00ed ATEX.<\/p>\n<p>Pro bli\u017e\u0161\u00ed informace kontaktujte pros\u00edm obchodn\u00ed odd\u011blen\u00ed Tyco Fire Protection Products.<\/p>\n","protected":false},"excerpt":{"rendered":"<p>Speci\u00e1ln\u00ed a hl\u00e1si\u010de do prost\u0159ed\u00ed s nebezpe\u010d\u00edm v\u00fdbuchu (Ex) Speci\u00e1ln\u00ed hl\u00e1si\u010de zahrnuj\u00ed nap\u0159. nas\u00e1vac\u00ed hl\u00e1si\u010de VESDA, line\u00e1rn\u00ed hl\u00e1si\u010de, line\u00e1rn\u00ed teplotn\u00ed hl\u00e1si\u010de s metalick\u00fdmi nebo optick\u00fdmi kabely a dal\u0161\u00ed hl\u00e1si\u010de. Do prost\u0159ed\u00ed s nebezpe\u010d\u00edm v\u00fdbuchu jsou ur\u010deny speci\u00e1ln\u00ed hl\u00e1si\u010de s certifikac\u00ed ATEX. Pro bli\u017e\u0161\u00ed informace kontaktujte pros\u00edm obchodn\u00ed odd\u011blen\u00ed Tyco Fire Protection Products.<\/p>\n","protected":false},"author":5,"featured_media":506,"parent":531,"menu_order":31,"comment_status":"closed","ping_status":"open","template":"page-rozcestnik_product_cat_Main.php","meta":[],"_links":{"self":[{"href":"http:\/\/www.tycofis.cz\/distribuce\/wp-json\/wp\/v2\/pages\/584"}],"collection":[{"href":"http:\/\/www.tycofis.cz\/distribuce\/wp-json\/wp\/v2\/pages"}],"about":[{"href":"http:\/\/www.tycofis.cz\/distribuce\/wp-json\/wp\/v2\/types\/page"}],"author":[{"embeddable":true,"href":"http:\/\/www.tycofis.cz\/distribuce\/wp-json\/wp\/v2\/users\/5"}],"replies":[{"embeddable":true,"href":"http:\/\/www.tycofis.cz\/distribuce\/wp-json\/wp\/v2\/comments?post=584"}],"version-history":[{"count":7,"href":"http:\/\/www.tycofis.cz\/distribuce\/wp-json\/wp\/v2\/pages\/584\/revisions"}],"predecessor-version":[{"id":1342,"href":"http:\/\/www.tycofis.cz\/distribuce\/wp-json\/wp\/v2\/pages\/584\/revisions\/1342"}],"up":[{"embeddable":true,"href":"http:\/\/www.tycofis.cz\/distribuce\/wp-json\/wp\/v2\/pages\/531"}],"wp:featuredmedia":[{"embeddable":true,"href":"http:\/\/www.tycofis.cz\/distribuce\/wp-json\/wp\/v2\/media\/506"}],"wp:attachment":[{"href":"http:\/\/www.tycofis.cz\/distribuce\/wp-json\/wp\/v2\/media?parent=584"}],"curies":[{"name":"wp","href":"https:\/\/api.w.org\/{rel}","templated":true}]}}