{"id":1453,"date":"2016-02-02T22:17:27","date_gmt":"2016-02-02T21:17:27","guid":{"rendered":"http:\/\/www.tycofis.cz\/distribuce\/?page_id=1453"},"modified":"2016-02-23T07:59:35","modified_gmt":"2016-02-23T06:59:35","slug":"specialni-hasici-pristroje","status":"publish","type":"page","link":"http:\/\/www.tycofis.cz\/distribuce\/produkty\/hasici-pristroje\/specialni-hasici-pristroje\/","title":{"rendered":"Speci\u00e1ln\u00ed hasic\u00ed p\u0159\u00edstroje"},"content":{"rendered":"<h2>Speci\u00e1ln\u00ed hasic\u00ed p\u0159\u00edstroje<\/h2>\n<p>Tyco Fire Protection Products vyr\u00e1b\u00ed a dod\u00e1v\u00e1 i r\u016fzn\u00e9 typy speci\u00e1ln\u00edch hasic\u00edch p\u0159\u00edstroj\u016f, kter\u00e9 jsou ur\u010deny pro specifick\u00e9 pou\u017eit\u00ed a ha\u0161en\u00ed specifick\u00fdch druh\u016f po\u017e\u00e1r\u016f.<\/p>\n<table>\n<tbody>\n<tr>\n<td style=\"width: 220px\" rowspan=\"2\"><a href=\"http:\/\/www.tycofis.cz\/distribuce\/wp-content\/uploads\/sites\/4\/2016\/02\/f2l-e1456210715902.jpg\"><img loading=\"lazy\" class=\"aligncenter wp-image-1496 size-full\" src=\"http:\/\/www.tycofis.cz\/distribuce\/wp-content\/uploads\/sites\/4\/2016\/02\/f2l-e1456210715902.jpg\" alt=\"\" width=\"83\" height=\"200\" \/><\/a><\/td>\n<td style=\"vertical-align: middle\" colspan=\"2\">\n<h3><span style=\"color: #0057a6\">F 2 L<\/span><\/h3>\n<p>Hasic\u00ed p\u0159\u00edstroj ur\u010den\u00fd speci\u00e1ln\u011b pro ha\u0161en\u00ed po\u017e\u00e1r\u016f jedl\u00fdch tuk\u016f a olej\u016f nap\u0159. ve frit\u00e9z\u00e1ch v kuchyn\u00edch, pek\u00e1rn\u00e1ch, rychl\u00e9m ob\u010derstven\u00ed a podobn\u00fdch provozech.<\/td>\n<\/tr>\n<tr>\n<td style=\"width: 150px;vertical-align: top\">Typ :<br \/>\nHasivo :<br \/>\nHasebn\u00ed \u00fa\u010dinnost :<br \/>\nPou\u017eit\u00ed :<br \/>\nMno\u017estv\u00ed hasiva :<br \/>\nHnac\u00ed plyn :<\/td>\n<td style=\"vertical-align: top\">st\u00e1lotlak\u00fd<br \/>\nNeufrol M<br \/>\n5A, 40F<br \/>\nod 0 <sup>o<\/sup>C do +60<sup> o<\/sup>C<br \/>\n2 l<br \/>\ndus\u00edk<\/td>\n<\/tr>\n<tr>\n<td style=\"width: 220px\" rowspan=\"2\"><a href=\"http:\/\/www.tycofis.cz\/distribuce\/wp-content\/uploads\/sites\/4\/2016\/02\/011833_f9l-e1454448642441.jpg\"><img loading=\"lazy\" class=\"aligncenter wp-image-1458 size-full\" src=\"http:\/\/www.tycofis.cz\/distribuce\/wp-content\/uploads\/sites\/4\/2016\/02\/011833_f9l-e1454448642441.jpg\" alt=\"\" width=\"80\" height=\"200\" \/><\/a><\/td>\n<td style=\"vertical-align: middle\" colspan=\"2\">\n<h3><span style=\"color: #0057a6\">F 9 L<\/span><\/h3>\n<p>Hasic\u00ed p\u0159\u00edstroj ur\u010den\u00fd speci\u00e1ln\u011b pro ha\u0161en\u00ed po\u017e\u00e1r\u016f jedl\u00fdch tuk\u016f a olej\u016f nap\u0159. ve frit\u00e9z\u00e1ch v kuchyn\u00edch, pek\u00e1rn\u00e1ch, rychl\u00e9m ob\u010derstven\u00ed a podobn\u00fdch provozech.<\/td>\n<\/tr>\n<tr>\n<td style=\"width: 150px;vertical-align: top\">Typ :<br \/>\nHasivo :<br \/>\nHasebn\u00ed \u00fa\u010dinnost :<br \/>\nPou\u017eit\u00ed :<br \/>\nMno\u017estv\u00ed hasiva :<br \/>\nHnac\u00ed plyn :<\/td>\n<td style=\"vertical-align: top\">st\u00e1lotlak\u00fd<br \/>\nNeufrol M<br \/>\n21A, 75F<br \/>\nod 0 <sup>o<\/sup>C do +60<sup> o<\/sup>C<br \/>\n9 l<br \/>\ndus\u00edk<\/td>\n<\/tr>\n<tr>\n<td style=\"width: 220px\" rowspan=\"2\"><a href=\"http:\/\/www.tycofis.cz\/distribuce\/wp-content\/uploads\/sites\/4\/2016\/02\/016394_s6tandem-e1454448901143.jpg\"><img loading=\"lazy\" class=\"aligncenter wp-image-1461 size-full\" src=\"http:\/\/www.tycofis.cz\/distribuce\/wp-content\/uploads\/sites\/4\/2016\/02\/016394_s6tandem-e1454448901143.jpg\" alt=\"\" width=\"121\" height=\"200\" \/><\/a><\/td>\n<td style=\"vertical-align: middle\" colspan=\"2\">\n<h3><span style=\"color: #0057a6\">S 9 Tandem<br \/>\n<\/span><\/h3>\n<p>Kombinace has\u00edc\u00edho p\u0159\u00edstroje a automatick\u00e9ho stabiln\u00edho hasic\u00edho za\u0159\u00edzen\u00ed za p\u0159\u00edznivou cenu. Zvl\u00e1\u0161\u0165 vhodn\u00fd pro\u00a0 provozy, kde nen\u00ed trval\u00fd po\u017e\u00e1rn\u00ed dozor. P\u0159i sejmut\u00ed z dr\u017e\u00e1ku funguje jako b\u011b\u017en\u00fd p\u011bnov\u00fd hasic\u00ed p\u0159\u00edstroj. Zav\u011b\u0161en na st\u011bn\u011b, p\u0159i po\u017e\u00e1ru automaticky reaguje vestav\u011bn\u00e1 sprinklerov\u00e1 hlavice a has\u00ed vybran\u00fd prostor.<\/td>\n<\/tr>\n<tr>\n<td style=\"width: 150px;vertical-align: top\">Typ :<br \/>\nHasivo :<br \/>\nHasebn\u00ed \u00fa\u010dinnost :<br \/>\nPou\u017eit\u00ed :<br \/>\nMno\u017estv\u00ed hasiva :<br \/>\nHnac\u00ed plyn :<\/td>\n<td style=\"vertical-align: top\">st\u00e1lotlak\u00fd<br \/>\nNEUFOAM X<br \/>\n21A, 233B<br \/>\nod 0 <sup>o<\/sup>C do +60 <sup>o<\/sup>C<br \/>\n9 l<br \/>\ndus\u00edk<\/td>\n<\/tr>\n<\/tbody>\n<\/table>\n<p>Pro bli\u017e\u0161\u00ed informace kontaktujte pros\u00edm obchodn\u00ed odd\u011blen\u00ed Tyco Fire Protection Products.<\/p>\n","protected":false},"excerpt":{"rendered":"<p>Speci\u00e1ln\u00ed hasic\u00ed p\u0159\u00edstroje Tyco Fire Protection Products vyr\u00e1b\u00ed a dod\u00e1v\u00e1 i r\u016fzn\u00e9 typy speci\u00e1ln\u00edch hasic\u00edch p\u0159\u00edstroj\u016f, kter\u00e9 jsou ur\u010deny pro specifick\u00e9 pou\u017eit\u00ed a ha\u0161en\u00ed specifick\u00fdch druh\u016f po\u017e\u00e1r\u016f. F 2 L Hasic\u00ed p\u0159\u00edstroj ur\u010den\u00fd speci\u00e1ln\u011b pro ha\u0161en\u00ed po\u017e\u00e1r\u016f jedl\u00fdch tuk\u016f a olej\u016f nap\u0159. ve frit\u00e9z\u00e1ch v kuchyn\u00edch, pek\u00e1rn\u00e1ch, rychl\u00e9m ob\u010derstven\u00ed a podobn\u00fdch provozech. Typ : Hasivo [&hellip;]<\/p>\n","protected":false},"author":5,"featured_media":1466,"parent":578,"menu_order":10,"comment_status":"closed","ping_status":"closed","template":"page-rozcestnik_aboutus.php","meta":[],"_links":{"self":[{"href":"http:\/\/www.tycofis.cz\/distribuce\/wp-json\/wp\/v2\/pages\/1453"}],"collection":[{"href":"http:\/\/www.tycofis.cz\/distribuce\/wp-json\/wp\/v2\/pages"}],"about":[{"href":"http:\/\/www.tycofis.cz\/distribuce\/wp-json\/wp\/v2\/types\/page"}],"author":[{"embeddable":true,"href":"http:\/\/www.tycofis.cz\/distribuce\/wp-json\/wp\/v2\/users\/5"}],"replies":[{"embeddable":true,"href":"http:\/\/www.tycofis.cz\/distribuce\/wp-json\/wp\/v2\/comments?post=1453"}],"version-history":[{"count":13,"href":"http:\/\/www.tycofis.cz\/distribuce\/wp-json\/wp\/v2\/pages\/1453\/revisions"}],"predecessor-version":[{"id":1497,"href":"http:\/\/www.tycofis.cz\/distribuce\/wp-json\/wp\/v2\/pages\/1453\/revisions\/1497"}],"up":[{"embeddable":true,"href":"http:\/\/www.tycofis.cz\/distribuce\/wp-json\/wp\/v2\/pages\/578"}],"wp:featuredmedia":[{"embeddable":true,"href":"http:\/\/www.tycofis.cz\/distribuce\/wp-json\/wp\/v2\/media\/1466"}],"wp:attachment":[{"href":"http:\/\/www.tycofis.cz\/distribuce\/wp-json\/wp\/v2\/media?parent=1453"}],"curies":[{"name":"wp","href":"https:\/\/api.w.org\/{rel}","templated":true}]}}