{"id":1237,"date":"2016-01-06T21:06:38","date_gmt":"2016-01-06T20:06:38","guid":{"rendered":"http:\/\/www.tycofis.cz\/distribuce\/?page_id=1237"},"modified":"2016-02-17T23:46:10","modified_gmt":"2016-02-17T22:46:10","slug":"praskove-hasici-pristroje","status":"publish","type":"page","link":"http:\/\/www.tycofis.cz\/distribuce\/produkty\/hasici-pristroje\/praskove-hasici-pristroje\/","title":{"rendered":"Pr\u00e1\u0161kov\u00e9 hasic\u00ed p\u0159\u00edstroje"},"content":{"rendered":"<h2>Pr\u00e1\u0161kov\u00e9 hasic\u00ed p\u0159\u00edstroje<\/h2>\n<p>P\u0159i pou\u017eit\u00ed pr\u00e1\u0161kov\u00fdch hasic\u00edch p\u0159\u00edstroj\u016f (PHP) doch\u00e1z\u00ed k\u00a0zabr\u00e1n\u011bn\u00ed p\u0159\u00edstupu vzduchu (kysl\u00edku) k po\u017e\u00e1ru. Pr\u00e1\u0161kov\u00e9 PHP rozd\u011blujeme podle pou\u017eit\u00e9ho hasiva na PHP s\u00a0pr\u00e1\u0161kem ABC, BC, nebo D.<\/p>\n<ul>\n<li>ABC pr\u00e1\u0161ek s\u00a0aktivn\u00ed l\u00e1tkou fosf\u00e1t se pou\u017e\u00edv\u00e1 jako univerz\u00e1ln\u00ed hasic\u00ed p\u0159\u00edstroj.<\/li>\n<li>BC (JET) se pou\u017e\u00edv\u00e1 hlavn\u011b na leti\u0161t\u00edch, kde p\u0159i pou\u017eit\u00ed ABC pr\u00e1\u0161ku a jeho nas\u00e1t\u00ed do reaktivn\u00edho motoru, dojde k jeho zni\u010den\u00ed.<\/li>\n<li>D pr\u00e1\u0161ek se pou\u017e\u00edv\u00e1 k\u00a0ha\u0161en\u00ed t\u0159\u00eddy D \u2013 kov\u016f.<\/li>\n<\/ul>\n<p>V\u0161echny druhy uveden\u00fdch hasiv pou\u017e\u00edv\u00e1me jako n\u00e1pl\u0148 PHP a v\u0161echny\u00a0 typy nab\u00edz\u00edme k prodeji v\u00a0\u010cR a SR.<\/p>\n<p>V\u011bt\u0161ina st\u00e1t\u016f p\u0159ech\u00e1z\u00ed k\u00a0hasiv\u016fm na b\u00e1zi vody, nap\u0159. v\u00a0Rakousku jsou pr\u00e1\u0161kov\u00e9 PHP p\u0159\u00edmo zak\u00e1zany ve ve\u0159ejn\u00fdch budov\u00e1ch (nap\u0159.\u0161kol\u00e1ch).<\/p>\n<table>\n<tbody>\n<tr>\n<td style=\"width: 220px\" rowspan=\"2\"><a href=\"http:\/\/www.tycofis.cz\/distribuce\/wp-content\/uploads\/sites\/4\/2016\/01\/pg1e-e1455749087704.jpg\"><img loading=\"lazy\" class=\"aligncenter wp-image-1262 size-full\" src=\"http:\/\/www.tycofis.cz\/distribuce\/wp-content\/uploads\/sites\/4\/2016\/01\/pg1e-e1455749134936.jpg\" alt=\"pg1e\" width=\"134\" height=\"200\" \/><\/a><\/td>\n<td style=\"vertical-align: middle\" colspan=\"2\">\n<h3><span style=\"color: #0057a6\">PG 1 PMK<\/span><\/h3>\n<\/td>\n<\/tr>\n<tr>\n<td style=\"width: 150px;vertical-align: top\">Typ :<br \/>\nHasivo :<br \/>\nHasebn\u00ed \u00fa\u010dinnost :<br \/>\nPou\u017eit\u00ed :<br \/>\nMno\u017estv\u00ed hasiva :<br \/>\nHnac\u00ed plyn :<\/td>\n<td style=\"vertical-align: top\">st\u00e1lotlak\u00fd<br \/>\nNeutrex ABC<br \/>\n8A, 34B, C<br \/>\nod -30 <sup>o<\/sup>C do +60 <sup>o<\/sup>C<br \/>\n1 kg<br \/>\ndus\u00edk<\/td>\n<\/tr>\n<tr>\n<td style=\"width: 220px\" rowspan=\"2\"><img loading=\"lazy\" class=\"aligncenter wp-image-1275 size-full\" src=\"http:\/\/www.tycofis.cz\/distribuce\/wp-content\/uploads\/sites\/4\/2016\/01\/006957_pg2e-e1452670268429.jpg\" alt=\"006957_pg2e\" width=\"127\" height=\"200\" \/><\/td>\n<td style=\"vertical-align: middle\" colspan=\"2\">\n<h3><span style=\"color: #0057a6\">PG 2 PMK<\/span><\/h3>\n<\/td>\n<\/tr>\n<tr>\n<td style=\"width: 150px;vertical-align: top\">Typ :<br \/>\nHasivo :<br \/>\nHasebn\u00ed \u00fa\u010dinnost :<br \/>\nPou\u017eit\u00ed :<br \/>\nMno\u017estv\u00ed hasiva :<br \/>\nHnac\u00ed plyn :<\/td>\n<td style=\"vertical-align: top\">st\u00e1lotlak\u00fd<br \/>\nNeutrex ABC<br \/>\n13A, 89B, C<br \/>\nod -30 <sup>o<\/sup>C do +60 <sup>o<\/sup>C<br \/>\n2 kg<br \/>\ndus\u00edk<\/td>\n<\/tr>\n<tr>\n<td style=\"width: 220px\" rowspan=\"2\"><a href=\"http:\/\/www.tycofis.cz\/distribuce\/wp-content\/uploads\/sites\/4\/2016\/01\/pg6pdc_t-e1453447023901.jpg\"><img loading=\"lazy\" class=\"wp-image-1348 size-full aligncenter\" src=\"http:\/\/www.tycofis.cz\/distribuce\/wp-content\/uploads\/sites\/4\/2016\/01\/pg6pdc_t-e1453447023901.jpg\" alt=\"\" width=\"113\" height=\"200\" \/><\/a><\/td>\n<td style=\"vertical-align: middle\" colspan=\"2\">\n<h3><span style=\"color: #0057a6\">PG 6 PDC<\/span><\/h3>\n<\/td>\n<\/tr>\n<tr>\n<td style=\"width: 150px;vertical-align: top\">Typ :<br \/>\nHasivo :<br \/>\nHasebn\u00ed \u00fa\u010dinnost :<br \/>\nPou\u017eit\u00ed :<br \/>\nMno\u017estv\u00ed hasiva :<br \/>\nHnac\u00ed plyn :<br \/>\nProveden\u00ed :<\/td>\n<td style=\"vertical-align: top\">st\u00e1lotlak\u00fd<br \/>\nNeutrex Super<br \/>\n55A, 233B, C<br \/>\nod -30 <sup>o<\/sup>C do +60 <sup>o<\/sup>C<br \/>\n6 kg<br \/>\ndus\u00edk<br \/>\ns manometrem (na p\u0159\u00e1n\u00ed bez)<\/td>\n<\/tr>\n<tr>\n<td style=\"width: 220px\" rowspan=\"2\"><a href=\"http:\/\/www.tycofis.cz\/distribuce\/wp-content\/uploads\/sites\/4\/2016\/01\/pg6pmde_t.gif\"><img loading=\"lazy\" class=\"wp-image-1351 size-full aligncenter\" src=\"http:\/\/www.tycofis.cz\/distribuce\/wp-content\/uploads\/sites\/4\/2016\/01\/pg6pmde_t.gif\" alt=\"\" width=\"136\" height=\"200\" \/><\/a><\/td>\n<td style=\"vertical-align: middle\" colspan=\"2\">\n<h3><span style=\"color: #0057a6\">PG 6 E<\/span><\/h3>\n<\/td>\n<\/tr>\n<tr>\n<td style=\"width: 150px;vertical-align: top\">Typ :<br \/>\nHasivo :<br \/>\nHasebn\u00ed \u00fa\u010dinnost :<br \/>\nPou\u017eit\u00ed :<br \/>\nMno\u017estv\u00ed hasiva :<br \/>\nHnac\u00ed plyn :<\/td>\n<td style=\"vertical-align: top\">st\u00e1lotlak\u00fd<br \/>\nNeutrex 30 ABC<br \/>\n55A, 233B, C<br \/>\nod -30 <sup>o<\/sup>C do +60<sup> o<\/sup>C<br \/>\n6 kg<br \/>\ndus\u00edk<\/td>\n<\/tr>\n<tr>\n<td style=\"width: 220px\" rowspan=\"2\"><img loading=\"lazy\" class=\"wp-image-1353 size-full aligncenter\" src=\"http:\/\/www.tycofis.cz\/distribuce\/wp-content\/uploads\/sites\/4\/2016\/01\/015590_pg6euro-s-e1453447990263.jpg\" alt=\"\" width=\"91\" height=\"200\" \/><\/td>\n<td style=\"vertical-align: middle\" colspan=\"2\">\n<h3><span style=\"color: #0057a6\">PG 6 EURO-S<\/span><\/h3>\n<\/td>\n<\/tr>\n<tr>\n<td style=\"width: 150px;vertical-align: top\">Typ :<br \/>\nHasivo :<br \/>\nHasebn\u00ed \u00fa\u010dinnost :<br \/>\nPou\u017eit\u00ed :<br \/>\nMno\u017estv\u00ed hasiva :<br \/>\nHnac\u00ed plyn :<\/td>\n<td style=\"vertical-align: top\">st\u00e1lotlak\u00fd<br \/>\nNeutrex EURO ABC<br \/>\n43A, 233B, C<br \/>\nod -30 <sup>o<\/sup>C do +60 <sup>o<\/sup>C<br \/>\n6 kg<br \/>\ndus\u00edk<\/td>\n<\/tr>\n<tr>\n<td style=\"width: 220px\" rowspan=\"2\"><a href=\"http:\/\/www.tycofis.cz\/distribuce\/wp-content\/uploads\/sites\/4\/2016\/01\/pm12a-e1453448334677.jpg\"><img loading=\"lazy\" class=\"wp-image-1354 size-full aligncenter\" src=\"http:\/\/www.tycofis.cz\/distribuce\/wp-content\/uploads\/sites\/4\/2016\/01\/pm12a-e1453448334677.jpg\" alt=\"\" width=\"98\" height=\"200\" \/><\/a><\/td>\n<td style=\"vertical-align: middle\" colspan=\"2\">\n<h3><span style=\"color: #0057a6\">PM 12 A<br \/>\n<\/span><\/h3>\n<\/td>\n<\/tr>\n<tr>\n<td style=\"width: 150px;vertical-align: top\">Typ :<br \/>\nHasivo :<br \/>\nHasebn\u00ed \u00fa\u010dinnost :<br \/>\nPou\u017eit\u00ed :<br \/>\nMno\u017estv\u00ed hasiva :<br \/>\nHnac\u00ed plyn :<\/td>\n<td style=\"vertical-align: top\">s tlakovou patronou<br \/>\nTotalit M<br \/>\nD<br \/>\nod -30 <sup>o<\/sup>C do +60 <sup>o<\/sup>C<br \/>\n12 kg<br \/>\noxid uhli\u010dit\u00fd<\/td>\n<\/tr>\n<\/tbody>\n<\/table>\n<p>Pro bli\u017e\u0161\u00ed informace kontaktujte pros\u00edm obchodn\u00ed odd\u011blen\u00ed Tyco Fire Protection Products.<\/p>\n","protected":false},"excerpt":{"rendered":"<p>Pr\u00e1\u0161kov\u00e9 hasic\u00ed p\u0159\u00edstroje P\u0159i pou\u017eit\u00ed pr\u00e1\u0161kov\u00fdch hasic\u00edch p\u0159\u00edstroj\u016f (PHP) doch\u00e1z\u00ed k\u00a0zabr\u00e1n\u011bn\u00ed p\u0159\u00edstupu vzduchu (kysl\u00edku) k po\u017e\u00e1ru. Pr\u00e1\u0161kov\u00e9 PHP rozd\u011blujeme podle pou\u017eit\u00e9ho hasiva na PHP s\u00a0pr\u00e1\u0161kem ABC, BC, nebo D. ABC pr\u00e1\u0161ek s\u00a0aktivn\u00ed l\u00e1tkou fosf\u00e1t se pou\u017e\u00edv\u00e1 jako univerz\u00e1ln\u00ed hasic\u00ed p\u0159\u00edstroj. BC (JET) se pou\u017e\u00edv\u00e1 hlavn\u011b na leti\u0161t\u00edch, kde p\u0159i pou\u017eit\u00ed ABC pr\u00e1\u0161ku a jeho nas\u00e1t\u00ed [&hellip;]<\/p>\n","protected":false},"author":5,"featured_media":1405,"parent":578,"menu_order":1,"comment_status":"closed","ping_status":"closed","template":"page-rozcestnik_aboutus.php","meta":[],"_links":{"self":[{"href":"http:\/\/www.tycofis.cz\/distribuce\/wp-json\/wp\/v2\/pages\/1237"}],"collection":[{"href":"http:\/\/www.tycofis.cz\/distribuce\/wp-json\/wp\/v2\/pages"}],"about":[{"href":"http:\/\/www.tycofis.cz\/distribuce\/wp-json\/wp\/v2\/types\/page"}],"author":[{"embeddable":true,"href":"http:\/\/www.tycofis.cz\/distribuce\/wp-json\/wp\/v2\/users\/5"}],"replies":[{"embeddable":true,"href":"http:\/\/www.tycofis.cz\/distribuce\/wp-json\/wp\/v2\/comments?post=1237"}],"version-history":[{"count":62,"href":"http:\/\/www.tycofis.cz\/distribuce\/wp-json\/wp\/v2\/pages\/1237\/revisions"}],"predecessor-version":[{"id":1493,"href":"http:\/\/www.tycofis.cz\/distribuce\/wp-json\/wp\/v2\/pages\/1237\/revisions\/1493"}],"up":[{"embeddable":true,"href":"http:\/\/www.tycofis.cz\/distribuce\/wp-json\/wp\/v2\/pages\/578"}],"wp:featuredmedia":[{"embeddable":true,"href":"http:\/\/www.tycofis.cz\/distribuce\/wp-json\/wp\/v2\/media\/1405"}],"wp:attachment":[{"href":"http:\/\/www.tycofis.cz\/distribuce\/wp-json\/wp\/v2\/media?parent=1237"}],"curies":[{"name":"wp","href":"https:\/\/api.w.org\/{rel}","templated":true}]}}