{"id":1083,"date":"2015-09-16T20:58:07","date_gmt":"2015-09-16T19:58:07","guid":{"rendered":"http:\/\/www.tycofis.cz\/distribuce\/?page_id=1083"},"modified":"2015-09-16T21:46:28","modified_gmt":"2015-09-16T20:46:28","slug":"automaticke-hlasice-pozaru-s-prislusenstvim","status":"publish","type":"page","link":"http:\/\/www.tycofis.cz\/distribuce\/produkty\/adresovatelne-systemy\/hlasice\/automaticke-hlasice-pozaru-s-prislusenstvim\/","title":{"rendered":"Automatick\u00e9 hl\u00e1si\u010de po\u017e\u00e1ru"},"content":{"rendered":"<h2>Automatick\u00e9 hl\u00e1si\u010de po\u017e\u00e1ru<\/h2>\n<p>Detekci po\u017e\u00e1ru zaji\u0161\u0165uj\u00ed v syst\u00e9mu ZETTLER Expert automatick\u00e9 po\u017e\u00e1rn\u00ed hl\u00e1si\u010de 6. generace \u0159ady 830\/850. Z t\u00e9to \u0159ady hl\u00e1si\u010d\u016f je podle typu potenci\u00e1ln\u00edho po\u017e\u00e1ru v\u017edy mo\u017en\u00e9 zvolit vhodn\u00fd typ hl\u00e1si\u010de v\u010d. hl\u00e1si\u010de 3oTec, kter\u00fd spojuje optickou technologii detekce kou\u0159e s detekc\u00ed oxidu uhelnat\u00e9ho a detekc\u00ed tepla.<\/p>\n<table>\n<tbody>\n<tr>\n<td style=\"width: 150px;text-align: center;vertical-align: top\"><img loading=\"lazy\" class=\"wp-image-500 size-full aligncenter\" src=\"http:\/\/www.tycofis.cz\/distribuce\/wp-content\/uploads\/sites\/4\/2015\/08\/Gen6_Detector_photo1.jpg\" alt=\"Gen6_Detector_photo[1]\" width=\"80\" height=\"83\" \/><\/td>\n<td>\n<h3><span style=\"color: #0057a6\">Trojit\u00fd multisenzor 3oTec 850PC a 830PC<\/span><\/h3>\n<p><span style=\"color: #0057a6\"><span style=\"color: #000000\">V p\u0159\u00edpadech ochrany \u017eivota nebo n\u00e1ro\u010dn\u00fdch okoln\u00edch podm\u00ednek nab\u00edz\u00ed 3oTec nejlep\u0161\u00ed pom\u011br rychlosti detekce a odolnosti proti fale\u0161n\u00fdm poplach\u016fm. Je vybaven multisenzorem, kter\u00fd sleduje z\u00e1rove\u0148 \u00farove\u0148 kou\u0159e, teploty a oxidu uhelnat\u00e9ho, a umo\u017e\u0148uje p\u0159esn\u011b ur\u010dit p\u0159\u00edtomnost po\u017e\u00e1ru. Lze jej pou\u017e\u00edt v pr\u016fmyslu, maloobchod\u011b, \u0161kol\u00e1ch, za\u0159\u00edzen\u00edch zdravotn\u00ed p\u00e9\u010de, hotel\u00edch a ubytovac\u00edch za\u0159\u00edzen\u00edch.<\/span><\/span><\/td>\n<\/tr>\n<tr>\n<td style=\"text-align: center;vertical-align: top\"><img loading=\"lazy\" class=\"aligncenter wp-image-500 size-full\" src=\"http:\/\/www.tycofis.cz\/distribuce\/wp-content\/uploads\/sites\/4\/2015\/08\/Gen6_Detector_photo1.jpg\" alt=\"Gen6_Detector_photo[1]\" width=\"80\" height=\"83\" \/><\/td>\n<td>\n<h3><span style=\"color: #0057a6\">Optick\u00fd a tepeln\u00fd automatick\u00fd hl\u00e1si\u010d 850PH a 830PH<\/span><\/h3>\n<p>Kombinovan\u00fd optick\u00fd a tepeln\u00fd multisenzor schopn\u00fd rozpoznat \u0161irok\u00fd rozsah typ\u016f po\u017e\u00e1r\u016f od plamen\u016f po doutn\u00e1n\u00ed je up\u0159ednost\u0148ovanou volbou pro r\u016fzn\u00e1 pou\u017eit\u00ed v\u010detn\u011b lehk\u00e9ho pr\u016fmyslu, prodejen a kancel\u00e1\u0159sk\u00fdch prost\u0159ed\u00ed. Pracuje v n\u011bkolika schv\u00e1len\u00fdch re\u017eimech a \u00farovn\u00edch citlivosti, kter\u00e9 lze dynamicky vybrat podle m\u011bn\u00edc\u00edch se okoln\u00edch podm\u00ednek.<\/td>\n<\/tr>\n<tr>\n<td style=\"text-align: center;vertical-align: top\"><img loading=\"lazy\" class=\"aligncenter wp-image-500 size-full\" src=\"http:\/\/www.tycofis.cz\/distribuce\/wp-content\/uploads\/sites\/4\/2015\/08\/Gen6_Detector_photo1.jpg\" alt=\"Gen6_Detector_photo[1]\" width=\"80\" height=\"83\" \/><\/td>\n<td>\n<h3><span style=\"color: #0057a6\">Optick\u00fd automatick\u00fd hl\u00e1si\u010d 850P a 830P<\/span><\/h3>\n<p>M\u00e9n\u011b rizikov\u00e9 prost\u0159ed\u00ed, ve kter\u00e9m se bude jak\u00fdkoli p\u0159\u00edpadn\u00fd po\u017e\u00e1r \u0161\u00ed\u0159it pomalu, lze chr\u00e1nit pomoc\u00ed optick\u00e9ho automatick\u00e9ho hl\u00e1si\u010de. D\u00edky n\u011bkolika \u00farovn\u00edm citlivosti a re\u017eim\u016fm je tento automatick\u00fd hl\u00e1si\u010d vhodn\u00fd pro \u0161irok\u00fd rozsah pou\u017eit\u00ed.<\/td>\n<\/tr>\n<tr>\n<td style=\"text-align: center;vertical-align: top\"><img loading=\"lazy\" class=\"aligncenter wp-image-861 size-full\" src=\"http:\/\/www.tycofis.cz\/distribuce\/wp-content\/uploads\/sites\/4\/2015\/09\/Gen6_Detector_heat.jpg\" alt=\"Gen6_Detector_heat\" width=\"80\" height=\"83\" \/><\/td>\n<td>\n<h3><span style=\"color: #0057a6\">Tepeln\u00fd automatick\u00fd hl\u00e1si\u010d 850H a 830H<\/span><\/h3>\n<p>Tepeln\u00fd senzor dopl\u0148uj\u00edc\u00ed \u0159adu dok\u00e1\u017ee pracovat jako maxim\u00e1ln\u00ed nebo diferenci\u00e1ln\u00ed. V\u011bt\u0161inou se pou\u017e\u00edv\u00e1 v oblastech s vysokou pra\u0161nost\u00ed nebo v prost\u0159ed\u00ed, ve kter\u00e9m nelze pou\u017e\u00edt automatick\u00e9 hl\u00e1si\u010de kou\u0159e.<\/td>\n<\/tr>\n<tr>\n<td style=\"text-align: center;vertical-align: top\"><a href=\"http:\/\/www.tycofis.cz\/distribuce\/wp-content\/uploads\/sites\/4\/2015\/09\/801f.jpg\"><img loading=\"lazy\" class=\"size-full wp-image-871 aligncenter\" src=\"http:\/\/www.tycofis.cz\/distribuce\/wp-content\/uploads\/sites\/4\/2015\/09\/801f.jpg\" alt=\"801f\" width=\"80\" height=\"83\" \/><\/a><\/td>\n<td>\n<h3><span style=\"color: #0057a6\">Plamenn\u00fd automatick\u00fd hl\u00e1si\u010d 801F<br \/>\n<\/span><\/h3>\n<p>Sou\u010d\u00e1st\u00ed syst\u00e9mu ZETTLER Expert je i adresovateln\u00fd plamenn\u00fd hl\u00e1si\u010d 801F. <span id=\"result_box\" class=\"\" lang=\"cs\">J<span class=\"hps\">e to plnohodnotn\u00fd<\/span>\u00a0<span class=\"hps\">hl\u00e1si\u010d<\/span> <span class=\"hps\">pro pou\u017eit\u00ed v interi\u00e9ru<\/span><span class=\"hps\"> s<\/span> <span class=\"hps\">vysokou<\/span> <span class=\"hps\">odolnost\u00ed v\u016f\u010di slune\u010dn\u00edmu sv\u011btlu a dal\u0161\u00edm zdroj\u016fm fale\u0161n\u00fdch poplach\u016f<\/span><span class=\"\">.<\/span><\/span><\/td>\n<\/tr>\n<tr>\n<td><\/td>\n<td><\/td>\n<\/tr>\n<tr>\n<td><\/td>\n<td><\/td>\n<\/tr>\n<tr>\n<td><\/td>\n<td><\/td>\n<\/tr>\n<tr>\n<td><\/td>\n<td><\/td>\n<\/tr>\n<\/tbody>\n<\/table>\n<p>&nbsp;<\/p>\n","protected":false},"excerpt":{"rendered":"<p>Automatick\u00e9 hl\u00e1si\u010de po\u017e\u00e1ru Detekci po\u017e\u00e1ru zaji\u0161\u0165uj\u00ed v syst\u00e9mu ZETTLER Expert automatick\u00e9 po\u017e\u00e1rn\u00ed hl\u00e1si\u010de 6. generace \u0159ady 830\/850. Z t\u00e9to \u0159ady hl\u00e1si\u010d\u016f je podle typu potenci\u00e1ln\u00edho po\u017e\u00e1ru v\u017edy mo\u017en\u00e9 zvolit vhodn\u00fd typ hl\u00e1si\u010de v\u010d. hl\u00e1si\u010de 3oTec, kter\u00fd spojuje optickou technologii detekce kou\u0159e s detekc\u00ed oxidu uhelnat\u00e9ho a detekc\u00ed tepla. Trojit\u00fd multisenzor 3oTec 850PC a 830PC V [&hellip;]<\/p>\n","protected":false},"author":5,"featured_media":356,"parent":708,"menu_order":3,"comment_status":"closed","ping_status":"closed","template":"page-rozcestnik_aboutus.php","meta":[],"_links":{"self":[{"href":"http:\/\/www.tycofis.cz\/distribuce\/wp-json\/wp\/v2\/pages\/1083"}],"collection":[{"href":"http:\/\/www.tycofis.cz\/distribuce\/wp-json\/wp\/v2\/pages"}],"about":[{"href":"http:\/\/www.tycofis.cz\/distribuce\/wp-json\/wp\/v2\/types\/page"}],"author":[{"embeddable":true,"href":"http:\/\/www.tycofis.cz\/distribuce\/wp-json\/wp\/v2\/users\/5"}],"replies":[{"embeddable":true,"href":"http:\/\/www.tycofis.cz\/distribuce\/wp-json\/wp\/v2\/comments?post=1083"}],"version-history":[{"count":15,"href":"http:\/\/www.tycofis.cz\/distribuce\/wp-json\/wp\/v2\/pages\/1083\/revisions"}],"predecessor-version":[{"id":1105,"href":"http:\/\/www.tycofis.cz\/distribuce\/wp-json\/wp\/v2\/pages\/1083\/revisions\/1105"}],"up":[{"embeddable":true,"href":"http:\/\/www.tycofis.cz\/distribuce\/wp-json\/wp\/v2\/pages\/708"}],"wp:featuredmedia":[{"embeddable":true,"href":"http:\/\/www.tycofis.cz\/distribuce\/wp-json\/wp\/v2\/media\/356"}],"wp:attachment":[{"href":"http:\/\/www.tycofis.cz\/distribuce\/wp-json\/wp\/v2\/media?parent=1083"}],"curies":[{"name":"wp","href":"https:\/\/api.w.org\/{rel}","templated":true}]}}